{"id":980,"date":"2023-06-17T09:45:37","date_gmt":"2023-06-17T09:45:37","guid":{"rendered":"https:\/\/cuxglamping.de\/?page_id=980"},"modified":"2023-06-17T09:45:37","modified_gmt":"2023-06-17T09:45:37","slug":"pod-mini-kurzzeit","status":"publish","type":"page","link":"https:\/\/cuxglamping.de\/index.php\/pod-mini-kurzzeit\/","title":{"rendered":"Pod Mini Kurzzeit"},"content":{"rendered":"\n<p><strong>Pod Mini<\/strong>\u00a0f\u00fcr 2 Personen bei einem Kurzaufenthalt ab 1 \u00dcbernachtung (nur begrenzt verf\u00fcgbar)<\/p>\n\n\n\n\t\t\t\t<div class=\"abc-singlecalendar\" data-checkin-69f5ea04d84bb=\"0\" data-offset-69f5ea04d84bb=\"0\" data-month-69f5ea04d84bb=\"0\" id=\"abc_singlecalendar_69f5ea04d84bb\">\n\t\t\t\t\t<div class=\"abc-box abc-single-row\">\n\t\t\t\t\t\t<div data-calendar=\"6\" data-id=\"69f5ea04d84bb\" class=\"abc-box abc-button abc-single-button-left\">\n\t\t\t\t\t\t\t<button class=\"fa fa-chevron-left abc-button-rl\"><\/button>\n\t\t\t\t\t\t<\/div>\n\t\t\t\t\t\t<div class=\"abc-box abc-month\">\n\t\t\t\t\t\t\t<img alt=\"Lade...\" src=\"https:\/\/cuxglamping.de\/wp-admin\/images\/wpspin_light.gif\" class=\"waiting\" id=\"abc_single_loading-69f5ea04d84bb\" style=\"display:none\" \/><span id=\"singlecalendar-month-69f5ea04d84bb\">Mai 2026<\/span><\/div>\n\t\t\t\t\t\t\t<div data-calendar=\"6\" data-id=\"69f5ea04d84bb\" class=\"abc-box abc-button abc-single-button-right\">\n\t\t\t\t\t\t\t\t<button class=\"fa fa-chevron-right abc-button-rl\"><\/button>\n\t\t\t\t\t\t<\/div>\n\t\t\t\t\t<\/div>\n\t\t\t\t\t<div class=\"abc-box abc-single-row\">\n\t\t\t\t\t<div class=\"abc-box abc-col-day abc-dayname\">Mo<\/div>\n\t\t\t\t\t<div class=\"abc-box abc-col-day abc-dayname abc-dotted\">Di<\/div>\n\t\t\t\t\t<div class=\"abc-box abc-col-day abc-dayname abc-dotted\">Mi<\/div>\n\t\t\t\t\t<div class=\"abc-box abc-col-day abc-dayname abc-dotted\">Do<\/div>\n\t\t\t\t\t<div class=\"abc-box abc-col-day abc-dayname abc-dotted\">Fr<\/div>\n\t\t\t\t\t<div class=\"abc-box abc-col-day abc-dayname abc-dotted\">Sa<\/div>\n\t\t\t\t\t<div class=\"abc-box abc-col-day abc-dayname abc-dotted\">So<\/div>\n\t\t\t\t\t<\/div>\n\t\t\t\t\t<div id=\"abc-calendar-days-69f5ea04d84bb\">\n\t\t\t\t\t\t<div class=\"abc-box abc-single-row\"><div class=\"abc-box abc-col-day \">&nbsp;<\/div><div class=\"abc-box abc-col-day abc-dotted \">&nbsp;<\/div><div class=\"abc-box abc-col-day abc-dotted \">&nbsp;<\/div><div class=\"abc-box abc-col-day abc-dotted \">&nbsp;<\/div><div title=\"\" data-calendar=\"6\" data-id=\"69f5ea04d84bb\" data-date=\"2026-05-01\" class=\"abc-box abc-col-day abc-dotted abc-past abc-date-item \" id=\"abc-day-69f5ea04d84bb2026-05-01\">1<br \/><span class=\"abc-single-price\"><\/span><\/div><div title=\"Teilw. verf\u00fcgbar:\n02.05.2026: 75 \u20ac\" data-calendar=\"6\" data-id=\"69f5ea04d84bb\" data-date=\"2026-05-02\" class=\"abc-box abc-col-day abc-dotted abc-partly-avail abc-date-selector abc-date-item \" id=\"abc-day-69f5ea04d84bb2026-05-02\">2<br \/><span class=\"abc-single-price\">75 \u20ac<\/span><\/div><div title=\"Verf\u00fcgbar:\n03.05.2026: 75 \u20ac\" data-calendar=\"6\" data-id=\"69f5ea04d84bb\" data-date=\"2026-05-03\" class=\"abc-box abc-col-day abc-dotted abc-partly-avail-avail abc-date-selector abc-date-item \" id=\"abc-day-69f5ea04d84bb2026-05-03\">3<br \/><span class=\"abc-single-price\">75 \u20ac<\/span><\/div><\/div><div class=\"abc-box abc-single-row\"><div title=\"Verf\u00fcgbar:\n04.05.2026: 75 \u20ac\" data-calendar=\"6\" data-id=\"69f5ea04d84bb\" data-date=\"2026-05-04\" class=\"abc-box abc-col-day abc-avail abc-date-selector abc-date-item \" id=\"abc-day-69f5ea04d84bb2026-05-04\">4<br \/><span class=\"abc-single-price\">75 \u20ac<\/span><\/div><div title=\"Verf\u00fcgbar:\n05.05.2026: 75 \u20ac\" data-calendar=\"6\" data-id=\"69f5ea04d84bb\" data-date=\"2026-05-05\" class=\"abc-box abc-col-day abc-dotted abc-avail abc-date-selector abc-date-item \" id=\"abc-day-69f5ea04d84bb2026-05-05\">5<br \/><span class=\"abc-single-price\">75 \u20ac<\/span><\/div><div title=\"Verf\u00fcgbar:\n06.05.2026: 75 \u20ac\" data-calendar=\"6\" data-id=\"69f5ea04d84bb\" data-date=\"2026-05-06\" class=\"abc-box abc-col-day abc-dotted abc-avail abc-date-selector abc-date-item \" id=\"abc-day-69f5ea04d84bb2026-05-06\">6<br \/><span class=\"abc-single-price\">75 \u20ac<\/span><\/div><div title=\"Verf\u00fcgbar:\n07.05.2026: 75 \u20ac\" data-calendar=\"6\" data-id=\"69f5ea04d84bb\" data-date=\"2026-05-07\" class=\"abc-box abc-col-day abc-dotted abc-avail abc-date-selector abc-date-item \" id=\"abc-day-69f5ea04d84bb2026-05-07\">7<br \/><span class=\"abc-single-price\">75 \u20ac<\/span><\/div><div title=\"Verf\u00fcgbar:\n08.05.2026: 75 \u20ac\" data-calendar=\"6\" data-id=\"69f5ea04d84bb\" data-date=\"2026-05-08\" class=\"abc-box abc-col-day abc-dotted abc-avail abc-date-selector abc-date-item \" id=\"abc-day-69f5ea04d84bb2026-05-08\">8<br \/><span class=\"abc-single-price\">75 \u20ac<\/span><\/div><div title=\"Teilw. verf\u00fcgbar:\n09.05.2026: 75 \u20ac\" data-calendar=\"6\" data-id=\"69f5ea04d84bb\" data-date=\"2026-05-09\" class=\"abc-box abc-col-day abc-dotted abc-avail-partly-avail abc-date-selector abc-date-item \" id=\"abc-day-69f5ea04d84bb2026-05-09\">9<br \/><span class=\"abc-single-price\">75 \u20ac<\/span><\/div><div title=\"Verf\u00fcgbar:\n10.05.2026: 75 \u20ac\" data-calendar=\"6\" data-id=\"69f5ea04d84bb\" data-date=\"2026-05-10\" class=\"abc-box abc-col-day abc-dotted abc-partly-avail-avail abc-date-selector abc-date-item \" id=\"abc-day-69f5ea04d84bb2026-05-10\">10<br \/><span class=\"abc-single-price\">75 \u20ac<\/span><\/div><\/div><div class=\"abc-box abc-single-row\"><div title=\"Verf\u00fcgbar:\n11.05.2026: 75 \u20ac\" data-calendar=\"6\" data-id=\"69f5ea04d84bb\" data-date=\"2026-05-11\" class=\"abc-box abc-col-day abc-avail abc-date-selector abc-date-item \" id=\"abc-day-69f5ea04d84bb2026-05-11\">11<br \/><span class=\"abc-single-price\">75 \u20ac<\/span><\/div><div title=\"Verf\u00fcgbar:\n12.05.2026: 75 \u20ac\" data-calendar=\"6\" data-id=\"69f5ea04d84bb\" data-date=\"2026-05-12\" class=\"abc-box abc-col-day abc-dotted abc-avail abc-date-selector abc-date-item \" id=\"abc-day-69f5ea04d84bb2026-05-12\">12<br \/><span class=\"abc-single-price\">75 \u20ac<\/span><\/div><div title=\"Verf\u00fcgbar:\n13.05.2026: 75 \u20ac\" data-calendar=\"6\" data-id=\"69f5ea04d84bb\" data-date=\"2026-05-13\" class=\"abc-box abc-col-day abc-dotted abc-avail abc-date-selector abc-date-item \" id=\"abc-day-69f5ea04d84bb2026-05-13\">13<br \/><span class=\"abc-single-price\">75 \u20ac<\/span><\/div><div title=\"Abreise\" data-calendar=\"6\" data-id=\"69f5ea04d84bb\" data-date=\"2026-05-14\" class=\"abc-box abc-col-day abc-dotted abc-avail-booked abc-date-selector abc-date-item \" id=\"abc-day-69f5ea04d84bb2026-05-14\">14<br \/><span class=\"abc-single-price\">&nbsp;<\/span><\/div><div title=\"Ausgebucht\" data-calendar=\"6\" data-id=\"69f5ea04d84bb\" data-date=\"2026-05-15\" class=\"abc-box abc-col-day abc-dotted abc-booked abc-date-item \" id=\"abc-day-69f5ea04d84bb2026-05-15\">15<br \/><span class=\"abc-single-price\">&nbsp;<\/span><\/div><div title=\"Ausgebucht\" data-calendar=\"6\" data-id=\"69f5ea04d84bb\" data-date=\"2026-05-16\" class=\"abc-box abc-col-day abc-dotted abc-booked abc-date-item \" id=\"abc-day-69f5ea04d84bb2026-05-16\">16<br \/><span class=\"abc-single-price\">&nbsp;<\/span><\/div><div title=\"Verf\u00fcgbar:\n17.05.2026: 75 \u20ac\" data-calendar=\"6\" data-id=\"69f5ea04d84bb\" data-date=\"2026-05-17\" class=\"abc-box abc-col-day abc-dotted abc-booked-avail abc-date-selector abc-date-item \" id=\"abc-day-69f5ea04d84bb2026-05-17\">17<br \/><span class=\"abc-single-price\">75 \u20ac<\/span><\/div><\/div><div class=\"abc-box abc-single-row\"><div title=\"Verf\u00fcgbar:\n18.05.2026: 75 \u20ac\" data-calendar=\"6\" data-id=\"69f5ea04d84bb\" data-date=\"2026-05-18\" class=\"abc-box abc-col-day abc-avail abc-date-selector abc-date-item \" id=\"abc-day-69f5ea04d84bb2026-05-18\">18<br \/><span class=\"abc-single-price\">75 \u20ac<\/span><\/div><div title=\"Verf\u00fcgbar:\n19.05.2026: 75 \u20ac\" data-calendar=\"6\" data-id=\"69f5ea04d84bb\" data-date=\"2026-05-19\" class=\"abc-box abc-col-day abc-dotted abc-avail abc-date-selector abc-date-item \" id=\"abc-day-69f5ea04d84bb2026-05-19\">19<br \/><span class=\"abc-single-price\">75 \u20ac<\/span><\/div><div title=\"Verf\u00fcgbar:\n20.05.2026: 75 \u20ac\" data-calendar=\"6\" data-id=\"69f5ea04d84bb\" data-date=\"2026-05-20\" class=\"abc-box abc-col-day abc-dotted abc-avail abc-date-selector abc-date-item \" id=\"abc-day-69f5ea04d84bb2026-05-20\">20<br \/><span class=\"abc-single-price\">75 \u20ac<\/span><\/div><div title=\"Verf\u00fcgbar:\n21.05.2026: 75 \u20ac\" data-calendar=\"6\" data-id=\"69f5ea04d84bb\" data-date=\"2026-05-21\" class=\"abc-box abc-col-day abc-dotted abc-avail abc-date-selector abc-date-item \" id=\"abc-day-69f5ea04d84bb2026-05-21\">21<br \/><span class=\"abc-single-price\">75 \u20ac<\/span><\/div><div title=\"Abreise\" data-calendar=\"6\" data-id=\"69f5ea04d84bb\" data-date=\"2026-05-22\" class=\"abc-box abc-col-day abc-dotted abc-avail-booked abc-date-selector abc-date-item \" id=\"abc-day-69f5ea04d84bb2026-05-22\">22<br \/><span class=\"abc-single-price\">&nbsp;<\/span><\/div><div title=\"Ausgebucht\" data-calendar=\"6\" data-id=\"69f5ea04d84bb\" data-date=\"2026-05-23\" class=\"abc-box abc-col-day abc-dotted abc-booked abc-date-item \" id=\"abc-day-69f5ea04d84bb2026-05-23\">23<br \/><span class=\"abc-single-price\">&nbsp;<\/span><\/div><div title=\"Ausgebucht\" data-calendar=\"6\" data-id=\"69f5ea04d84bb\" data-date=\"2026-05-24\" class=\"abc-box abc-col-day abc-dotted abc-booked abc-date-item \" id=\"abc-day-69f5ea04d84bb2026-05-24\">24<br \/><span class=\"abc-single-price\">&nbsp;<\/span><\/div><\/div><div class=\"abc-box abc-single-row\"><div title=\"Verf\u00fcgbar:\n25.05.2026: 75 \u20ac\" data-calendar=\"6\" data-id=\"69f5ea04d84bb\" data-date=\"2026-05-25\" class=\"abc-box abc-col-day abc-booked-avail abc-date-selector abc-date-item \" id=\"abc-day-69f5ea04d84bb2026-05-25\">25<br \/><span class=\"abc-single-price\">75 \u20ac<\/span><\/div><div title=\"Verf\u00fcgbar:\n26.05.2026: 75 \u20ac\" data-calendar=\"6\" data-id=\"69f5ea04d84bb\" data-date=\"2026-05-26\" class=\"abc-box abc-col-day abc-dotted abc-avail abc-date-selector abc-date-item \" id=\"abc-day-69f5ea04d84bb2026-05-26\">26<br \/><span class=\"abc-single-price\">75 \u20ac<\/span><\/div><div title=\"Verf\u00fcgbar:\n27.05.2026: 75 \u20ac\" data-calendar=\"6\" data-id=\"69f5ea04d84bb\" data-date=\"2026-05-27\" class=\"abc-box abc-col-day abc-dotted abc-avail abc-date-selector abc-date-item \" id=\"abc-day-69f5ea04d84bb2026-05-27\">27<br \/><span class=\"abc-single-price\">75 \u20ac<\/span><\/div><div title=\"Verf\u00fcgbar:\n28.05.2026: 75 \u20ac\" data-calendar=\"6\" data-id=\"69f5ea04d84bb\" data-date=\"2026-05-28\" class=\"abc-box abc-col-day abc-dotted abc-avail abc-date-selector abc-date-item \" id=\"abc-day-69f5ea04d84bb2026-05-28\">28<br \/><span class=\"abc-single-price\">75 \u20ac<\/span><\/div><div title=\"Abreise\" data-calendar=\"6\" data-id=\"69f5ea04d84bb\" data-date=\"2026-05-29\" class=\"abc-box abc-col-day abc-dotted abc-avail-booked abc-date-selector abc-date-item \" id=\"abc-day-69f5ea04d84bb2026-05-29\">29<br \/><span class=\"abc-single-price\">&nbsp;<\/span><\/div><div title=\"Ausgebucht\" data-calendar=\"6\" data-id=\"69f5ea04d84bb\" data-date=\"2026-05-30\" class=\"abc-box abc-col-day abc-dotted abc-booked abc-date-item \" id=\"abc-day-69f5ea04d84bb2026-05-30\">30<br \/><span class=\"abc-single-price\">&nbsp;<\/span><\/div><div title=\"Verf\u00fcgbar:\n31.05.2026: 75 \u20ac\" data-calendar=\"6\" data-id=\"69f5ea04d84bb\" data-date=\"2026-05-31\" class=\"abc-box abc-col-day abc-dotted abc-booked-avail abc-date-selector abc-date-item \" id=\"abc-day-69f5ea04d84bb2026-05-31\">31<br \/><span class=\"abc-single-price\">75 \u20ac<\/span><\/div><\/div>\n\t\t\t\t\t<\/div><div id=\"abc-booking-69f5ea04d84bb\" class=\"abc-booking-selection\">\n\t\t\t\t\t<\/div>\n\t\t\t\t<\/div>\n\n\n\n<p>Wenn Sie an einem l\u00e4ngerem Aufenthalt interessiert sind, schauen sie gerne in unsere <a href=\"https:\/\/cuxglamping.de\/index.php\/pod-mini\/\">Buchungs\u00fcbersicht f\u00fcr 2 und mehr \u00dcbernachtungen<\/a>. <\/p>\n","protected":false},"excerpt":{"rendered":"<p>Pod Mini\u00a0f\u00fcr 2 Personen bei einem Kurzaufenthalt ab 1 \u00dcbernachtung (nur begrenzt verf\u00fcgbar) Wenn Sie an einem l\u00e4ngerem Aufenthalt interessiert sind, schauen sie gerne in unsere Buchungs\u00fcbersicht f\u00fcr 2 und mehr \u00dcbernachtungen.<\/p>\n","protected":false},"author":1,"featured_media":0,"parent":0,"menu_order":0,"comment_status":"closed","ping_status":"closed","template":"","meta":[],"_links":{"self":[{"href":"https:\/\/cuxglamping.de\/index.php\/wp-json\/wp\/v2\/pages\/980"}],"collection":[{"href":"https:\/\/cuxglamping.de\/index.php\/wp-json\/wp\/v2\/pages"}],"about":[{"href":"https:\/\/cuxglamping.de\/index.php\/wp-json\/wp\/v2\/types\/page"}],"author":[{"embeddable":true,"href":"https:\/\/cuxglamping.de\/index.php\/wp-json\/wp\/v2\/users\/1"}],"replies":[{"embeddable":true,"href":"https:\/\/cuxglamping.de\/index.php\/wp-json\/wp\/v2\/comments?post=980"}],"version-history":[{"count":4,"href":"https:\/\/cuxglamping.de\/index.php\/wp-json\/wp\/v2\/pages\/980\/revisions"}],"predecessor-version":[{"id":984,"href":"https:\/\/cuxglamping.de\/index.php\/wp-json\/wp\/v2\/pages\/980\/revisions\/984"}],"wp:attachment":[{"href":"https:\/\/cuxglamping.de\/index.php\/wp-json\/wp\/v2\/media?parent=980"}],"curies":[{"name":"wp","href":"https:\/\/api.w.org\/{rel}","templated":true}]}}